.
28
Let h(g) = 31*g + 316. Let u be h(-9). Let q(y) = -35*y + 10. Let p be q(-5). What is the highest common factor of u and p?
37
Let h be ((-3)/(-2))/((-5)/(-112 - -2)). Let n = 56 + -43. Let l = 31 + n. What is the greatest common factor of h and l?
11
Suppose 0 = a - 3*a + 336. Suppose 4*v - 3*v + 795 = 5*m, 0 = -v. Suppose -m - 9 = -6*z. What is the highest common factor of a and z?
28
Suppose -j = 56 - 74. Let l(m) = m**3 - 14*m**2 + 26*m - 7. Let v be l(13). What is the greatest common factor of j and v?
18
Let o be ((-128)/(-24) + -4)*-2*30/(-2). What is the greatest common factor of o and 1070?
10
Let r(l) = 4*l**2 - 157*l + 53. Let t be r(39). Let i(o) = o**2 + 5*o - 236. Let p be i(t). What is the highest common divisor of 300 and p?
30
Suppose 35*u - 102 = 33*u. Let j = 195 + -161. Calculate the highest common divisor of j and u.
17
Let q = 238 + -222. Suppose -a + q = 4*g, 4*a + 8 = -5*g + 17. What is the highest common divisor of g and 160?
5
Suppose 9*g - 469 = -271. What is the highest common divisor of 10 and g?
2
Let p(c) = -2*c + 31. Let z(v) = -7*v - 22. Let n be z(-5). Let a be p(n). Let y = -4 - -14. What is the greatest common factor of y and a?
5
Let h(x) = -4*x - 166. Let j be h(-90). Calculate the greatest common divisor of 12998 and j.
194
Let q(k) = 2*k**2 + 124*k + 1311. Let y be q(-11). Calculate the highest common divisor of y and 903.
21
Let r be ((-6)/(-4))/(12/(-1368)). Let b = 179 + r. Calculate the highest common factor of 56 and b.
8
Suppose 36*t + 23715 = 3*j + 38*t, 3*j = -t + 23715. What is the greatest common divisor of 510 and j?
255
Suppose -25*z + 624 = -44*z + 21*z. Calculate the greatest common divisor of 648 and z.
24
Let c(w) = -6*w + 16. Let i be c(-7). Let h be 6/(-4)*10/15 - -53. Suppose -2*k = -2*m + i, 4*k = -3*m + m + h. Calculate the highest common factor of m and 4.
4
Suppose 0 = b - 2*p - 7, -5*b - 3*p + 22 = 0. Suppose -b*r = -5*s + 15, -5*r + 105 = 5*s + 40. Calculate the highest common divisor of 152 and s.
8
Suppose -4*c - 132 = 2*c. Let n be (-44)/242 + (-136)/c. Calculate the highest common factor of n and 18.
6
Let g(b) = -9*b**3 + b**2 + 16. Let x = -330 - -327. Let k be g(x). Calculate the highest common factor of 67 and k.
67
Suppose -3*g = 14*j - 17*j - 65880, 5*j = -40. Calculate the greatest common factor of g and 28.
28
Suppose n + 4*m - 164 = 0, -14*n = -19*n + m + 736. Let j = 2373 + -1855. What is the greatest common divisor of n and j?
74
Let x = 15221 - 12067. What is the greatest common factor of 249 and x?
83
Let j be -8*11*7/14. Let t(r) = -r**3 + 9*r**2 - 3*r + 4. Let d be t(5). Let h = d + j. What is the greatest common factor of h and 18?
9
Suppose -11 = 3*u + 4, -5*d = -4*u - 90. Let v be (-1)/(3 - d/4). Suppose -2*i + 35 = r + 4*r, -13 = -v*r - i. What is the greatest common divisor of r and 90?
9
Suppose 25*j - 21*j + 488 = 4*c, -3*c + 4*j + 367 = 0. Let l = 5 - -18. Let v = 34 - l. Calculate the highest common divisor of v and c.
11
Let b = 82 + -81. Suppose 0 = -2*x - 4, 2*x + 13 + 3 = 4*q. Suppose q*r - 31 = k, -4*r + 5*k + 45 = r. What is the highest common factor of b and r?
1
Let n(y) = 4*y**2 + 58*y + 300. Let i be n(-10). Calculate the highest common divisor of i and 2120.
40
Let z(u) = u**2 - 5*u - 31. Let o be z(9). Suppose o*t - 7 = 113. What is the highest common factor of 8 and t?
8
Suppose -2*r - 1 + 7 = 0. Suppose r*z = 11*z + 712. Let u = z + 149. Calculate the highest common divisor of 12 and u.
12
Let a(y) = 4*y**2 - 70*y - 335. Let s be a(-4). Let n(k) = 58*k + 21. Let x be n(6). Calculate the highest common divisor of x and s.
9
Let m be 5 - (1 - 2)*-1. Suppose q = -m*q - 15. Let f be 3/(q/(-34)) - -2. Calculate the greatest common factor of 54 and f.
18
Let z be (-10 - -14) + 25 - 1. Suppose 239 = 2*w - 3*c, -w = 2*w + c - 331. Calculate the highest common divisor of z and w.
28
Let l = -10534 - -10550. Let o = 25 + -2. Suppose -3*n - 19 = 5*u, -8 = -3*u - o. What is the greatest common divisor of l and n?
2
Let r(x) = 24*x - 7. Let o be r(-12). Let l = -97 - o. Let s = 3 + 15. What is the greatest common factor of l and s?
18
Suppose 6*t - 7308 = 20*t. Let f = t + 586. Calculate the greatest common divisor of f and 704.
64
Let j(q) = q**3 - 9*q**2 - 31*q + 280. Let a be j(10). What is the highest common divisor of a and 182?
14
Suppose -2*p = -29 - 467. Let o(d) = -9*d + 647. Let k be o(65). What is the highest common factor of p and k?
62
Suppose 2*r + 3*r + 285 = 0. Let d = r + 103. Suppose -76*c + 80*c = 4*n + 284, 4*c - 3*n - 282 = 0. Calculate the highest common factor of d and c.
23
Let o be 0 + (-4)/(-8)*8. Suppose -o = j - 52. Let c(r) = -r**2 + 3*r + 72. Let a be c(0). Calculate the highest common factor of a and j.
24
Suppose 223*j - 117*j - 742 = 0. Calculate the greatest common factor of 94 and j.
1
Let d(h) = h**3 - h**2 + h + 2. Let p be d(2). Let c = -76 + 72. Let t = p - c. Calculate the greatest common factor of 16 and t.
4
Suppose -4*p - 5*c + 75 = -p, 0 = -p + 5*c - 15. Calculate the highest common factor of p and 1095.
15
Let y = 36 + -43. Let g be (y/(-28)*0)/(-4 + 1). Let d = 42 - g. Calculate the greatest common divisor of d and 14.
14
Suppose 19*i - 15*i = 44. Let r(q) = -q**3 + 9*q**2 - 9*q + 6. Let a be r(6). Let z be 650/a + 1/6. What is the highest common factor of i and z?
11
Suppose 0 = d - 89*p + 90*p - 3648, 7299 = 2*d + 5*p. Calculate the greatest common divisor of 14 and d.
7
Let z(n) = -n**3 - 7*n**2 - 7*n - 15. Let b be z(-5). Let j = b - -31. Let m be (j*28)/(28/14). Calculate the greatest common factor of 14 and m.
14
Suppose -26*z = -4*g - 22*z + 14640, 0 = 4*g - z - 14628. Calculate the highest common divisor of g and 16.
8
Let f be (3/9 + -1)*(-18)/(-12). Let o be 585/2*f*4/(-5). Calculate the greatest common divisor of o and 26.
26
Let f = -9144 - -11951. Calculate the highest common divisor of f and 14.
7
Suppose 4*w - 2*h = -78, w + 4*h = -3*w - 96. Let b be (27/w + 1)/(2/(-14)). What is the greatest common factor of 46 and b?
2
Suppose 17*d - 12*d = 4*r + 1294, -5*d + r = -1306. Suppose -d*t = -251*t - 242. Calculate the highest common divisor of t and 374.
22
Suppose 0 = -18*g + 4580 + 3196. Calculate the highest common factor of g and 88.
8
Suppose -3*x = -3*k - 387, 4*k = -3*x + 317 + 49. Let l = 96013 + -95995. Calculate the greatest common factor of x and l.
18
Let u be (16/(-20))/(1/(-85)). Let t be (-1241)/u*(0 - -4). Let o = -67 - t. Calculate the greatest common divisor of o and 2.
2
Let u = -86394 - -86416. Suppose -a - 2*a + 3102 = 0. Calculate the highest common divisor of u and a.
22
Let u be ((-18)/(-72) - (-5)/(-4))*1. Let t be (1 - 0)/(6/(-12)). Let p be t*((-15)/10 - u). What is the greatest common divisor of 4 and p?
1
Suppose -22*h + 4*h + 4956 = 960. Calculate the highest common divisor of h and 1850.
74
Let x(t) = 91*t**2 + 23*t - 4. Let c be x(-1). What is the highest common divisor of c and 412?
4
Let j(o) = -9*o**3 - 4*o**2 - 16*o + 39. Let u be j(-4). Calculate the highest common factor of 15 and u.
15
Let v = -2247 - -4973. What is the greatest common divisor of v and 188?
94
Let r(n) = n**2 - 34*n - 1259. Let l be r(-40). Calculate the greatest common divisor of l and 162.
81
Let u be -210 - (-4 + 6 + -6). Let w = u - -452. What is the highest common divisor of 41 and w?
41
Suppose 70*r - 7845 - 2847 = -38*r. Calculate the highest common factor of 216 and r.
9
Let j be ((-25)/30)/((-2)/72). What is the highest common factor of 110 and j?
10
Let f = 27787 - 24671. Calculate the highest common divisor of 1476 and f.
164
Let p be ((-326)/(-163))/(4/42). Calculate the greatest common divisor of p and 616.
7
Let a = 1855 + -1736. Calculate the greatest common factor of 112 and a.
7
Let o = -100 + 120. Suppose -2 - o = -2*h. What is the highest common divisor of h and 253?
11
Let h(u) = -u**2 + 87*u - 1730. Let i be h(31). Suppose 0 = -2*n + 170 + 274. Calculate the greatest common divisor of n and i.
6
Suppose i = -g - 48 + 58, 5*i - 43 = -4*g. Calculate the highest common factor of g and 22694.
7
Let g be (-10)/(-100) + (-498)/(-20). Suppose -500 = -g*z + 21*z. What is the highest common factor of z and 5?
5
Let a(c) = c**2 - 48*c + 194. Let s be a(44). Calculate th